t 2077 (base 9) to base 5.
22103
What is -111020 (base 7) in base 3?
-222211122
Convert 77d (base 16) to base 13.
b46
-23101 (base 13) to base 16
-f98b
-14ce (base 15) to base 2
-1000101110101
1dc (base 15) to base 13
273
Convert -675 (base 15) to base 8.
-2664
What is 9965 (base 12) in base 7?
100226
Convert -1102210200 (base 3) to base 8.
-67177
Convert -10121 (base 3) to base 16.
-61
-1115 (base 7) to base 11
-338
What is -25b3 (base 12) in base 8?
-10327
Convert 101211 (base 3) to base 7.
565
19229 (base 11) to base 16
690d
7c67 (base 16) to base 3
1121200112
-212243 (base 6) to base 16
-43e3
Convert -1001100001010001 (base 2) to base 16.
-9851
Convert 15e (base 15) to base 12.
222
-733 (base 9) to base 13
-36c
3130 (base 4) to base 2
11011100
What is 83c6 (base 13) in base 2?
100011101000101
What is 5429 (base 10) in base 2?
1010100110101
What is -2b17b (base 12) in base 2?
-1110110100101111
Convert 22c (base 14) to base 8.
660
What is 323 (base 6) in base 7?
234
Convert 23612 (base 8) to base 12.
5a36
Convert 9a0e (base 16) to base 10.
39438
Convert -13103201 (base 4) to base 15.
-8ceb
Convert 4334 (base 6) to base 9.
1324
251 (base 12) to base 7
1006
1445 (base 8) to base 10
805
Convert 100021 (base 3) to base 13.
163
Convert 34124 (base 5) to base 15.
aae
What is 10022020 (base 3) in base 16?
969
c1a0 (base 14) to base 16
81f0
152541 (base 6) to base 3
202102121
Convert 1000011111110 (base 2) to base 7.
15453
-40226 (base 7) to base 11
-7339
What is 212c (base 16) in base 7?
33521
What is -408 (base 9) in base 12?
-238
What is 181 (base 13) in base 8?
422
Convert -54e (base 15) to base 2.
-10010101111
What is 221112210 (base 3) in base 8?
44300
Convert 62 (base 8) to base 14.
38
What is 6269 (base 11) in base 9?
12345
2312 (base 9) to base 15
792
Convert 1007 (base 12) to base 3.
2101021
What is 3001203 (base 5) in base 16?
b7cd
What is -23a (base 11) in base 6?
-1153
Convert 2721 (base 8) to base 13.
8a7
5524 (base 8) to base 10
2900
Convert 1a3 (base 11) to base 2.
11101010
What is 10110111101 (base 2) in base 11?
1116
What is 13054 (base 11) in base 3?
221122100
154a (base 12) to base 11
1979
Convert 7a2 (base 12) to base 11.
938
What is d831 (base 15) in base 6?
551401
What is 1828 (base 15) in base 4?
1101131
What is -a12 (base 16) in base 14?
-d22
-447 (base 15) to base 7
-2551
What is 170e (base 16) in base 6?
43154
3302 (base 4) to base 6
1042
What is -134 (base 6) in base 2?
-111010
What is 969 (base 13) in base 4?
121020
109 (base 13) to base 16
b2
What is 203 (base 7) in base 3?
10202
What is -121231 (base 4) in base 6?
-11341
Convert -4334 (base 5) to base 4.
-21102
101111010101 (base 2) to base 13
14c0
Convert -33fd (base 16) to base 4.
-3033331
Convert 345 (base 12) to base 6.
2125
-11110011 (base 2) to base 6
-1043
What is -110141 (base 6) in base 7?
-35425
-261 (base 7) to base 16
-8d
-249a5 (base 11) to base 7
-206255
What is 154005 (base 6) in base 15?
4735
Convert -40 (base 14) to base 11.
-51
-24214 (base 5) to base 11
-13a5
-14576 (base 9) to base 2
-10011011011111
What is 3634 (base 11) in base 3?
20112011
12312 (base 4) to base 12
306
-7188 (base 9) to base 2
-1010010010000
What is 19597 (base 11) in base 10?
27331
Convert -101111110010 (base 2) to base 15.
-d8d
What is 11025 (base 6) in base 15?
6be
What is -11111111010 (base 2) in base 16?
-7fa
-10947 (base 11) to base 5
-1001111
200110 (base 3) to base 16
1f2
What is 27601 (base 11) in base 2?
1001100110011110
What is -23836 (base 9) in base 14?
-5b82
Convert 2031 (base 8) to base 10.
1049
Convert 155 (base 16) to base 2.
101010101
-180 (base 12) to base 13
-156
What is -22234 (base 5) in base 12?
-aa9
-108 (base 15) to base 4
-3221
-193 (base 11) to base 8
-337
What is 1010010 (base 2) in base 12?
6a
Convert 11110000010 (base 2) to base 16.
782
What is 621 (base 7) in base 3?
102110
Convert 21000 (base 4) to base 3.
210100
110000111101 (base 2) to base 4
300331
What is 101200211 (base 3) in base 11?
594a
What is -6833 (base 12) in base 13?
-5352
What is -218b (base 16) in base 13?
-3ba7
-552 (base 13) to base 15
-40c
2065 (base 8) to base 10
1077
Convert 324411 (base 5) to base 10.
11231
What is -23204 (base 5) in base 11?
-1297
Convert -1730 (base 13) to base 8.
-6533
What is -10335 (base 6) in base 5?
-21202
What is 83384 (base 9) in base 6?
1102334
-1314 (base 5) to base 14
-10d
Convert -217 (base 10) to base 3.
-22001
Convert 630 (base 11) to base 6.
3303
492 (base 14) to base 16
390
-13133 (base 4) to base 10
-479
21003 (base 4) to base 5
4304
1111100000 (base 2) to base 12
6a8
What is 2444 (base 6) in base 13?
376
2838 (base 13) to base 16
16a1
12332 (base 5) to base 7
2551
-102030 (base 4) to base 14
-5d2
3763 (base 10) to base 5
110023
What is -8a0 (base 11) in base 12?
-75a
-14 (base 12) to base 14
-12
Convert -14768 (base 11) to base 7.
-114615
What is -10900 (base 14) in base 12?
-1b304
What is 13100 (base 8) in base 3?
21210222
Convert -2232121 (base 5) to base 11.
-27886
What is 23bd (base 15) in base 16?
1db3
-2aa0 (base 11) to base 16
-f8e
What is 1523 (base 7) in base 14?
313
Convert 1330 (base 5) to base 11.
186
Convert -3331 (base 9) to base 3.
-10101001
-66 (base 8) to base 11
-4a
203312 (base 5) to base 11
5048
-24204 (base 5) to base 4
-130030
What is -2f38 (base 16) in base 7?
-50146
What is -4371 (base 11) in base 13?
-2816
What is 1063 (base 7) in base 6?
1444
What is 101110001010110 (base 2) in base 5?
1224023
What is -66a (base 13) in base 15?
-4d7
Convert 1420 (base 5) to base 13.
151
What is 3002 (base 11) in base 16?
f9b
-113202 (base 4) to base 11
-114a
What is 15413 (base 7) in base 2?
1000011100010
7468 (base 9) to base 5
133424
-104613 (base 7) to base 14
-6a43
-1301 (base 5) to base 2
-11001001
Convert -506b (base 15) to base 7.
-100331
Convert 4 (base 9) to base 7.
4
What is -1992 (base 14) in base 11?
-3535
-1135 (base 8) to base 5
-4410
500 (base 11) to base 8
1135
-1054 (base 7) to base 4
-11332
What is -110101233 (base 4) in base 13?
-2ba5b
4303 (base 8) to base 16
8c3
c9 (base 14) to base 7
342
-10054 (base 6) to base 11
-aaa
578 (base 11) to base 16
2b2
-13518 (base 10) to base 16
-34ce
What is 3004 (base 5) in base 13?
232
Convert 4c5 (base 13) to base 10.
837
What is -2963 (base 14) in base 12?
-42b7
What is 11111101100 (base 2) in base 14?
a4c
What is -10110010100 (base 2) in base 3?
-1221220
What is 354 (base 10) in base 3?
111010
Convert -120220012 (base 3) to base 14.
-431a
Convert 12121200 (base 4) to base 9.
38850
Convert -20131321 (base 4) to base 5.
-2102211
What is -656 (base 8) in base 16?
-1ae
Convert -3628 (base 10) to base 8.
-7054
-20101110 (base 3) to base 16
-1230
Convert -a65 (base 15) to base 14.
-bd7
What is 115 (base 13) in base 11?
160
-42230 (base 5) to base 8
-5377
14 (base 16) to base 7
26
What is 324b (base 13) in base 16?
1b50
What is 8ad (base 14) in base 8?
3271
543 (base 10) to base 15
263
Convert 12 (base 3) to base 14.
5
Convert 817 (base 9) to base 13.
3c1
What is -2298 (base 11) in base 14?
-1151
Convert 7654 (base 10) to base 9.
11444
-26 (base 15) to base 3
-1100
What is -220021022 (base 3) in base 4?
-10110131
What is -1111110100 (base 2) in base 10?
-1012
Convert 10102220 (base 3) to base 8.
4714
What is -10303 (base 4) in base 12?
-217
Convert -3545 (base 6) to base 16.
-359
What is 2d00 (base 14) in base 13?
3872
What is -324254 (base 6) in base 8?
-64412
What is 132122 (base 4) in base 10?
1946
What is -4a5 (base 11) in base 9?
-735
What is -4d (base 16) in base 14?
-57
Convert -13072 (base 11) to base 13.
-8696
Convert -7623 (base 13) to base 4.
-10000212
Convert -1010010011011 (base 2) to base 5.
-132100
Convert -1101111001110 (base 2) to base 14.
-2846
What is -130021 (base 4) in base 16?
-709
Convert 4531 (base 8) to base 11.
1886
What is 453 (base 8) in base 9?
362
Convert 475 (base 12) to base 4.
22121
What is -1110000000100 (base 2) in base 10?
-7172
What is 2ab (base 12) in base 9?
515
Convert -18d (base 14) to base 5.
-2241
What is -2100111 (base 3) in base 11?
-1319
What is -1725 (base 8) in base 11?
-812
What is 80 (base 12) in base 5?
341
What is -4520 (base 7) in base 15?
-73b
Convert -10523 (base 9) to base 4.
-1231023
What is 1333 (base 4) in base 3?
11201
7